ds digit of 17420?
4
What is the thousands digit of 13783?
3
What is the units digit of 972?
2
What is the tens digit of 1762?
6
What is the hundreds digit of 5413?
4
What is the thousands digit of 4366?
4
What is the tens digit of 1522?
2
What is the units digit of 4857?
7
What is the thousands digit of 8229?
8
What is the hundreds digit of 40339?
3
What is the tens digit of 756?
5
What is the thousands digit of 2426?
2
What is the units digit of 7464?
4
What is the units digit of 750?
0
What is the hundreds digit of 187851?
8
What is the thousands digit of 73540?
3
What is the tens digit of 23295?
9
What is the tens digit of 59030?
3
What is the ten thousands digit of 22647?
2
What is the hundreds digit of 6222?
2
What is the hundreds digit of 841?
8
What is the tens digit of 16568?
6
What is the tens digit of 2657?
5
What is the tens digit of 20089?
8
What is the units digit of 955?
5
What is the ten thousands digit of 12118?
1
What is the hundreds digit of 919?
9
What is the tens digit of 15931?
3
What is the hundreds digit of 4760?
7
What is the thousands digit of 17490?
7
What is the thousands digit of 9893?
9
What is the tens digit of 10201?
0
What is the units digit of 15378?
8
What is the thousands digit of 7017?
7
What is the units digit of 1134?
4
What is the tens digit of 2635?
3
What is the hundreds digit of 3727?
7
What is the tens digit of 14060?
6
What is the units digit of 2070?
0
What is the tens digit of 155090?
9
What is the units digit of 3996?
6
What is the tens digit of 1001?
0
What is the hundreds digit of 1627?
6
What is the ten thousands digit of 154301?
5
What is the thousands digit of 2369?
2
What is the ten thousands digit of 11082?
1
What is the hundreds digit of 18578?
5
What is the tens digit of 1686?
8
What is the units digit of 1131?
1
What is the units digit of 1759?
9
What is the hundreds digit of 8611?
6
What is the units digit of 20688?
8
What is the tens digit of 11758?
5
What is the tens digit of 1522?
2
What is the tens digit of 1090?
9
What is the units digit of 91942?
2
What is the tens digit of 32336?
3
What is the tens digit of 6712?
1
What is the thousands digit of 5822?
5
What is the tens digit of 485?
8
What is the hundreds digit of 553?
5
What is the hundreds digit of 467?
4
What is the hundreds digit of 28305?
3
What is the hundreds digit of 965?
9
What is the hundreds digit of 2943?
9
What is the units digit of 5386?
6
What is the units digit of 18262?
2
What is the hundreds digit of 604?
6
What is the units digit of 4107?
7
What is the units digit of 82106?
6
What is the hundred thousands digit of 127153?
1
What is the tens digit of 8155?
5
What is the units digit of 1019?
9
What is the units digit of 8679?
9
What is the hundreds digit of 620?
6
What is the units digit of 66976?
6
What is the hundreds digit of 28639?
6
What is the ten thousands digit of 19264?
1
What is the ten thousands digit of 19888?
1
What is the units digit of 7306?
6
What is the units digit of 46605?
5
What is the units digit of 2624?
4
What is the ten thousands digit of 25361?
2
What is the thousands digit of 4124?
4
What is the tens digit of 626?
2
What is the hundreds digit of 10450?
4
What is the hundreds digit of 325?
3
What is the thousands digit of 2095?
2
What is the units digit of 54079?
9
What is the units digit of 29?
9
What is the tens digit of 31?
3
What is the tens digit of 2873?
7
What is the thousands digit of 18076?
8
What is the units digit of 91252?
2
What is the tens digit of 5042?
4
What is the ten thousands digit of 27841?
2
What is the thousands digit of 68295?
8
What is the units digit of 4676?
6
What is the tens digit of 8329?
2
What is the tens digit of 32388?
8
What is the units digit of 3061?
1
What is the hundreds digit of 143?
1
What is the thousands digit of 2162?
2
What is the thousands digit of 8175?
8
What is the hundreds digit of 592?
5
What is the units digit of 4629?
9
What is the thousands digit of 6214?
6
What is the tens digit of 753?
5
What is the thousands digit of 1060?
1
What is the hundreds digit of 12692?
6
What is the thousands digit of 7061?
7
What is the tens digit of 2079?
7
What is the units digit of 35236?
6
What is the units digit of 366?
6
What is the tens digit of 292?
9
What is the hundreds digit of 1073?
0
What is the units digit of 4494?
4
What is the units digit of 97614?
4
What is the units digit of 3252?
2
What is the units digit of 426?
6
What is the hundreds digit of 9594?
5
What is the ten thousands digit of 12795?
1
What is the tens digit of 67355?
5
What is the tens digit of 4559?
5
What is the tens digit of 97643?
4
What is the hundreds digit of 2603?
6
What is the ten thousands digit of 19805?
1
What is the tens digit of 665?
6
What is the hundreds digit of 2016?
0
What is the ten thousands digit of 83699?
8
What is the tens digit of 130640?
4
What is the units digit of 702?
2
What is the thousands digit of 2149?
2
What is the tens digit of 447?
4
What is the thousands digit of 3645?
3
What is the ten thousands digit of 29881?
2
What is the units digit of 48008?
8
What is the thousands digit of 1178?
1
What is the ten thousands digit of 38860?
3
What is the units digit of 175?
5
What is the thousands digit of 1937?
1
What is the tens digit of 18540?
4
What is the thousands digit of 20058?
0
What is the units digit of 66379?
9
What is the hundreds digit of 127?
1
What is the hundreds digit of 36349?
3
What is the hundreds digit of 3009?
0
What is the thousands digit of 5100?
5
What is the tens digit of 1501?
0
What is the tens digit of 1350?
5
What is the units digit of 447?
7
What is the tens digit of 946?
4
What is the thousands digit of 11789?
1
What is the units digit of 205?
5
What is the hundreds digit of 3323?
3
What is the hundreds digit of 2561?
5
What is the hundreds digit of 34261?
2
What is the hundreds digit of 1406?
4
What is the units digit of 28728?
8
What is the units digit of 2103?
3
What is the tens digit of 783?
8
What is the hundreds digit of 921?
9
What is the tens digit of 22950?
5
What is the units digit of 268?
8
What is the hundreds digit of 3656?
6
What is the tens digit of 1117?
1
What is the units digit of 75564?
4
What is the hundred thousands digit of 137636?
1
What is the ten thousands digit of 12252?
1
What is the tens digit of 458?
5
What is the tens digit of 40923?
2
What is the units digit of 15399?
9
What is the hundreds digit of 349?
3
What is the thousands digit of 9173?
9
What is the thousands digit of 12406?
2
What is the ten thousands digit of 15131?
1
What is the tens digit of 6340?
4
What is the tens digit of 3998?
9
What is the tens digit of 59823?
2
What is the thousands digit of 14111?
4
What is the tens digit of 704?
0
What is the hundreds digit of 29108?
1
What is the hundreds digit of 665?
6
What is the units digit of 2646?
6
What is the thousands digit of 3938?
3
What is the tens digit of 26494?
9
What is the units digit of 327?
7
What is the units digit of 5290?
0
What is the tens digit of 351?
5
What is the units digit of 816?
6
What is the thousands digit of 38781?
8
What is the hundreds digit of 2404?
4
What is the tens digit of 18554?
5
What is the hundreds digit of 2160?
1
What is the thousands digit of 68695?
8
What is the tens digit of 385?
8
What is the units digit of 44323?
3
What is the units digit of 1181?
1
What is the tens digit of 764?
6
What is the units digit of 21138?
8
What is the hundreds digit of 1561?
5
What is the tens digit of 921?
2
What is the hundreds digit of 2323?
3
What is the units digit of 1174?
4
What is the units digit of 6376?
6
What is the tens digit of 3668?
6
What is the units digit of 6531?
1
What is the ten thousands digit of 90087?
9
What is the thousands digit of 2560?
2
What is the hundreds digit of 11816?
8
What is the hundreds digit of 243?
2
What is the tens digit of 69064?
6
What is the thousands digit of 85355?
5
What is the hundreds digit of 1187?
1
What is the tens digit of 13028?
2
What is the ten thousands digit of 26917?
2
What is the hundreds digit of 384?
3
What is the hundreds digit of 39916?
9
What is the hundreds digit of 20944?
9
What is the hundreds digit of 812?
8
What is the thousands digit of 23150?
3
What is the tens digit of 655?
5
Wha